q + 6. Calculate a(r).
18
Let x(s) = s**2 + 18*s + 23. Let q be x(-16). Let r(z) = z - 8. Give r(q).
-17
Suppose -h - 7 + 24 = 0. Suppose -4*z + h - 1 = 0. Let m(v) = -v**2 + 4*v - 6. Determine m(z).
-6
Let o(f) = -2*f + 4. Let g(q) = -5*q + 11. Let p(d) = d**2 + 6*d - 3. Let c be p(-5). Let z(s) = c*o(s) + 3*g(s). Determine z(6).
7
Let r(w) = 17 - 5 - 2*w - 8. What is r(5)?
-6
Let g be (-4)/(-16) + 19/4. Let b(u) = u + 0 + g*u**3 + 2 + u**2 - 3*u**3. Give b(-2).
-12
Suppose -51 = -8*x - 3. Let b(g) be the third derivative of 0*g + 1/12*g**5 - g**2 + 1/120*g**x + 0 - 7/24*g**4 - g**3. Calculate b(-6).
0
Suppose 1 = 5*f - 19. Let g(u) = 1 - 1 - u + 0*u - 2. What is g(f)?
-6
Let a = 14 + -10. Let s(i) = -i**3 + 3*i**2 + 4*i - 5. Give s(a).
-5
Let f(t) = t**3 + 8*t**2 + 6*t - 7. Let h(s) = -4*s**3 - 32*s**2 - 25*s + 29. Let n(z) = 9*f(z) + 2*h(z). What is n(-7)?
16
Let q be 6/(-10) - 342/(-45). Suppose -2*k - q = -5*t - 0*k, 4*k = 3*t + 7. Let j(r) = -r + t*r + 9 - r. Calculate j(-4).
5
Let z(s) = -s - 5. Suppose -4*w + 2*m - 12 = 10, 4*m - 28 = 4*w. What is z(w)?
-1
Let v(a) = a**2 - 5*a + 7. Let j be v(4). Let l(b) be the second derivative of -1/2*b**2 + 0 - 1/3*b**j - 1/6*b**4 + 1/20*b**5 - 2*b. Give l(3).
2
Let h(a) = 8*a**2 + 3*a + 5. Let k(p) = -7*p**2 - 3*p - 4. Suppose 4*q = 5*g - 25, 0 = -2*g - 3*q + 4 + 6. Let r(w) = g*k(w) + 4*h(w). Determine r(-2).
-6
Let k be 6/(-15)*(-200)/32. Let z(a) be the second derivative of 0 - k*a**2 - 1/2*a**3 - 2*a. What is z(-4)?
7
Suppose 4*x - 2*l - 12 = 0, l + 12 = 3*x + 3. Let q be 0/(-1) + (2 - x). Let j be 0/(-4) - (q - 3). Let s(o) = -o - 1. What is s(j)?
-5
Suppose -s - 10 = -6*s. Let b(g) = -2*g + 7. Let t(l) = -l + 4. Let c(n) = s*b(n) - 5*t(n). Give c(6).
0
Let x(w) = w**3 + w**2 - w. Let c(a) = -5*a**3 - 4*a**2 + 5*a + 2. Let j(r) = c(r) + 4*x(r). Suppose -6*k = -3*k. What is j(k)?
2
Let a(w) = w**2 + 8*w + 3. Suppose d = -5*s - 36, 5*s + 5*d + 17 + 3 = 0. Determine a(s).
3
Let m = -61 - -43. Let h be ((-6)/m)/((-2)/(-30)). Let a(b) = b**2 - 5*b. What is a(h)?
0
Let p(z) = -4*z**2 + 6*z + 4. Let n(o) = -o**2. Let x be 4/8 - (-7)/(-2). Let u(k) = x*n(k) + p(k). Let b be u(7). Let q(h) = h**2 + 4*h + 4. Give q(b).
1
Let r = 6 + -6. Let b(n) be the first derivative of 1/3*n**3 - 2 + r*n**2 - 2*n. Calculate b(2).
2
Let y(k) = k - 7. Suppose 3*c = 5*t + 9, 0*t + 3*t = -c + 17. Let o be y(c). Let j(d) = 7*d**3 - 1. What is j(o)?
6
Let i(r) = -r**3 + 8*r**2 + r - 7. Let h be i(8). Let t(w) = 12*w + 1 + h - 3. Give t(-1).
-13
Let x(v) = -3*v - 2. Let y be (2 - 10)*(18/(-12))/(-3). Calculate x(y).
10
Let j(o) = -2*o**2 - o. Let g be j(-1). Let v be -1 + 0 + g + 1. Let m be (-4)/(2 + v - 3). Let s(p) = 2*p. Determine s(m).
4
Let g(z) = -z**3 - z**2 - z. Let q(l) = -6*l**3 - 5*l**2 - 5*l - 1. Let f(w) = 11*g(w) - 2*q(w). Let i be 70/(-20)*(-8)/14. Calculate f(i).
4
Let n(d) = d + 2. Let s be n(1). Let p(h) = -h + 2*h + 4 - 2*h. Give p(s).
1
Let z(r) = -r**3 - r**2 + 4*r - 1. Let d = 21 - 38. Let g = -2 - d. Suppose -5*l + 0*l = g. Give z(l).
5
Let o(a) be the second derivative of -a**6/120 - a**5/10 + a**4/24 + 7*a**3/6 - 5*a**2/2 - 3*a. Let j(t) be the first derivative of o(t). Determine j(-6).
1
Let t be -3 - (-17 + 0 + 1). Let f(y) = -y + t - 3 - 6. Calculate f(0).
4
Let w be 0 + (1 + 5 - (20 + -16)). Let s(p) = 2 + 2*p + p**2 + 0 - 5. Give s(w).
5
Let v be (36/30)/(6/(-40)). Let d = 15 + v. Let k = -4 + d. Let r(u) = -u**2 + u - 2. Determine r(k).
-8
Let l(r) = 6 + 3 - 11 - r**2 + 2*r**2 - r. Calculate l(0).
-2
Let p be (-12)/24 - 7/(-2). Let v(z) be the third derivative of 1/60*z**5 - 1/8*z**4 + 1/3*z**3 + 0 - z**2 + 0*z. What is v(p)?
2
Let l(j) be the first derivative of -2*j**2 + j - 7. Determine l(1).
-3
Let z(u) be the second derivative of -1/2*u**3 - 1/20*u**5 - u**2 - 2*u + 0 - 1/4*u**4. Let n(a) = a**2 - 3*a - 2. Let m be n(3). Calculate z(m).
0
Let t(j) = -j**3 - 6*j**2 - j + 2. Suppose 0 = 3*p - z + 17, -6*p = -2*p + z + 25. Let r be 4/p*72/8. Calculate t(r).
8
Let p(v) = v**2 - v - 1. Let w(f) = f**3 + 2*f**2 - 6*f - 1. Let b(l) = -3*p(l) + w(l). Suppose 3*t + 15 = 3*j, 3 = t - 2*t. Give b(j).
0
Let u = -1 - -1. Let w be 1*1/(-1)*-5. Let m(j) = 0 + 2*j + u + w. Calculate m(-5).
-5
Let y(h) be the first derivative of -3*h**4/4 + h - 3. Give y(-1).
4
Let i(m) be the third derivative of m**8/6720 + m**7/2520 + m**6/720 + m**5/120 - m**4/12 + m**2. Let w(z) be the second derivative of i(z). Determine w(0).
1
Let s(b) be the first derivative of 3*b**2/2 + 3. Let m = -6 + 4. Give s(m).
-6
Let x(v) = -1 + 0 + 3*v - 2*v - 3. Let z be x(3). Let f(c) = 3*c - 4*c - 2*c. What is f(z)?
3
Let t be (-48)/(-22) - (-8)/(-44). Suppose 5*n = 3*u, 3*n = -0*u - t*u. Let a = u - 1. Let l(w) = 2*w**3 + w**2 - w - 1. Calculate l(a).
-1
Let w(c) = -c**2 - 2*c + 1. Let m(x) = 2*x**2 - 4. Let d(u) = -m(u) - w(u). What is d(3)?
0
Let w(y) = -y. Let u(i) = 11*i**2 + 2*i. Let d be u(-1). Determine w(d).
-9
Let b(i) = -i**2 + 17*i + 4. Let s(f) = f**2 - 16*f - 3. Let c(g) = 5*b(g) + 6*s(g). What is c(10)?
-8
Let n(c) be the third derivative of c**4/8 + c**3/6 - 2*c**2. Suppose -2*q + 13 = 3*f, 4*f + 0*f = -3*q + 20. Suppose 0*v = -4*v + q. What is n(v)?
7
Let t = 5 - 7. Let v be (2 - (-2)/4)*t. Let y(o) = -o**3 - 5*o**2 - 5. Give y(v).
-5
Let a(d) = d. Let j(s) = -s**3 - 22*s**2 + 23*s - 3. Let f be j(-23). Determine a(f).
-3
Let q(k) = k**3 + 4*k**2 + 4*k + 4. Let r(c) = -c**3 - 4*c**2 + 15*c + 15. Let y be r(-6). Determine q(y).
1
Let i(s) = -2 - s - 48*s**3 + 1 + 49*s**3 + 5*s**2. Calculate i(-5).
4
Let b(v) = -v**3 - v**2 + 2*v + 2. Let u be b(-2). Let o(l) = 0*l**2 + l**2 - 1 + u*l**3 + 3*l**2 - l**3. Let x be (-24)/(-132) + (-70)/22. Give o(x).
8
Let q(g) = g**2 - 1 - 3 + 3*g - 1. Let j(l) = l**2 + 4*l - 3. Let x be j(-3). Let d = x + 1. Determine q(d).
5
Let q(j) = -5*j**3 + 9*j**2 + 2*j + 9. Let x(s) = s**3 - s**2 - 1. Let l(k) = -q(k) - 6*x(k). Let m(u) = -u**2 - 2*u + 1. Let z be m(1). Give l(z).
-3
Let o(i) = 4*i**3 - 2*i - i**2 + 2 + 4*i**2 + 0*i - 5*i**3. What is o(3)?
-4
Let r(b) be the third derivative of b**4/8 + b**3/3 + 17*b**2. What is r(-2)?
-4
Let f(r) = -r**2 - 4*r + 2. Let b be f(-4). Let h(a) = a + 5 + b*a + 1 + a**2. What is h(-4)?
10
Let o(j) = -5*j - 13. Let v(a) = 4*a + 12. Let x(l) = 3*o(l) + 4*v(l). Give x(-7).
2
Let t = -9 - -17. Let s(l) = 0*l**3 + l**3 - 7*l - l**2 + t + 6*l. Calculate s(0).
8
Let f(o) = -4*o**2 - o. Let t be (-2)/(-4)*0/1. Suppose 5*u + 3 = 3*b + 16, t = -5*b - 2*u - 1. What is f(b)?
-3
Let z(h) = 5*h**3 + h**2 + 3*h - 1. Let y(m) = -10*m**3 - 2*m**2 - 5*m + 2. Let o(j) = -3*y(j) - 5*z(j). Calculate o(-1).
-5
Let p(h) = -2*h**2 + 2*h - 2. Let t = 12 + -9. Let z = -2 + t. Let m = 3 - z. What is p(m)?
-6
Let f(n) be the second derivative of -n**4/6 - n**2/2 + 4*n. Calculate f(-1).
-3
Let w(y) be the first derivative of y**2/2 + y - 12. What is w(5)?
6
Let v(a) be the second derivative of -5*a**3/6 - 3*a**2 + 6*a + 1. Give v(-6).
24
Let a(z) be the second derivative of -1/12*z**4 + z**2 - 1/3*z**3 + z + 0. Calculate a(-2).
2
Let l(z) = z**3 - 5*z**2 + 2*z - 3. Let k be -29*3/3*-1. Suppose -4*b = -5*s - 0*b + k, -b + 24 = 5*s. What is l(s)?
7
Let l be (-6)/(-4)*44/33. Let i(k) be the first derivative of -3 + 0*k + 1/2*k**l. Give i(5).
5
Let h(i) = -3*i**2 + 5*i + 15. Let p(f) = 4*f**2 - 7*f - 22. Let g(y) = -7*h(y) - 5*p(y). Let u(k) be the first derivative of g(k). What is u(2)?
4
Suppose 11*k + 66 = -0. Let s(p) = -2*p - 4. Calculate s(k).
8
Suppose -3*n - 4 = -4*n. Let j(h) = 4*h - 4*h**3 - 6*h**2 + 2*h**3 + 5 + 3*h**3. What is j(n)?
-11
Let l(x) be the third derivative of x**6/120 + x**5/20 + x**4/24 + x**3/2 + 6*x**2. What is l(-3)?
0
Let o = 4 - 1. Suppose o*a = -g + 14, 3*a - 4*g + 12 = 4*a. Let b(p) = -p - 4 + 4. Calculate b(a).
-4
Let q(m) = 6*m + 1. Suppose 0 = -3*z + 4*z. Suppose -4*o + z = 4. Calculate q(o).
-5
Let l(w) = w + 1. Let c(s) = s**2 + 13*s + 3. Let z be c(-13). Suppose -z*q + 0 = -6. Let i(u) = 6*u + 6. Let a(j) = q*i(j) - 11*l(j). Determine a(5).
6
Let c(q) = 2*q. Suppose -4*u - 8 = -0. Let d be c(u). Let v(l) = -l**3 - 3*l**2 + 5*l - 3. What is v(d)?
-7
Let o(q) = 5*q**3 - 7*q**2 + 11*q + 21. Let m(h) = 2*h**3 - 2*h**2 + 4*h + 7. Let s(a) = -8